e 8307588345?
True
Does 14 divide 3968654535?
False
Is 9 a factor of 401693094?
True
Does 5 divide 337812830?
True
Is 1188 a factor of 4441920120?
True
Is 74 a factor of 1086051232?
True
Is 25 a factor of 5590191?
False
Is 70 a factor of 128513280?
True
Is 991 a factor of 2234093553?
True
Is 6367802 a multiple of 76?
False
Is 250 a factor of 679018750?
True
Does 1784 divide 806364926?
False
Is 2873152000 a multiple of 591?
False
Does 59 divide 39202845?
True
Does 230 divide 78012974?
False
Is 2124 a factor of 40370868?
True
Does 465 divide 32106390?
True
Is 25 a factor of 927179261?
False
Is 3935973543 a multiple of 14?
False
Does 69 divide 1181056923?
True
Is 1884 a factor of 458145468?
True
Is 12 a factor of 1041172153?
False
Does 267 divide 179526527?
False
Is 912639159 a multiple of 2406?
False
Does 125 divide 4552625?
True
Does 2 divide 5757271?
False
Is 1919176132 a multiple of 5810?
False
Does 15 divide 2632645695?
True
Is 132 a factor of 33877157?
False
Is 16 a factor of 1802162875?
False
Is 2 a factor of 2404436?
True
Is 205 a factor of 49723980?
True
Is 8 a factor of 137833709?
False
Does 494 divide 154511344?
True
Is 152 a factor of 5925043?
False
Is 212589271 a multiple of 6911?
True
Is 59566680 a multiple of 308?
False
Does 33 divide 99674541?
False
Is 70 a factor of 497600250?
True
Does 34 divide 306204447?
False
Does 36 divide 1605398803?
False
Is 94 a factor of 96530668?
True
Does 559 divide 459172103?
True
Does 14 divide 495326949?
False
Is 938 a factor of 72068416?
True
Is 480 a factor of 16619037?
False
Does 79 divide 157185984?
True
Is 578 a factor of 49830434?
False
Is 324604854 a multiple of 63?
True
Is 17260200 a multiple of 1096?
False
Is 3510476519 a multiple of 167?
False
Is 2345759120 a multiple of 5?
True
Is 1540156538 a multiple of 1237?
True
Does 3 divide 1847478?
True
Is 438 a factor of 823750542?
True
Is 927 a factor of 6510508150?
False
Does 18 divide 54974898?
True
Does 6 divide 2127864?
True
Does 186 divide 426828336?
True
Does 7666 divide 681124100?
True
Does 10 divide 593506700?
True
Does 1667 divide 48448021?
True
Does 12 divide 2347141752?
True
Does 50 divide 355400900?
True
Is 358 a factor of 1736858838?
True
Is 34210814 a multiple of 5?
False
Is 195 a factor of 3591853231?
False
Is 447 a factor of 287260080?
True
Is 82 a factor of 556764420?
True
Does 537 divide 64380930?
True
Is 102 a factor of 34209511?
False
Is 73643504 a multiple of 242?
True
Is 5333034 a multiple of 123?
True
Is 2339 a factor of 199127243?
False
Is 23274266 a multiple of 721?
False
Does 63 divide 9944046?
True
Does 7825 divide 317194200?
True
Does 657 divide 27289809?
True
Is 14188079 a multiple of 17?
False
Is 733208146 a multiple of 11?
True
Is 301316790 a multiple of 115?
True
Does 15 divide 631748860?
False
Is 672186116 a multiple of 1130?
False
Is 324 a factor of 138694032?
True
Does 2784 divide 848660640?
True
Does 911 divide 171523991?
True
Is 85900967 a multiple of 14?
False
Is 103978640 a multiple of 80?
True
Is 15 a factor of 50752162?
False
Does 2 divide 14291146?
True
Does 2221 divide 1609543153?
True
Is 631173079 a multiple of 1753?
False
Is 11444129 a multiple of 7?
False
Does 26 divide 1045846965?
False
Is 17062320 a multiple of 220?
True
Does 407 divide 189255?
True
Is 4648 a factor of 781016785?
False
Is 74155077 a multiple of 183?
True
Is 13 a factor of 2996313398?
True
Does 907 divide 264579156?
True
Is 1905351198 a multiple of 720?
False
Is 38 a factor of 12063308?
False
Is 4793 a factor of 560642003?
True
Is 33 a factor of 2596770?
True
Does 26 divide 8526700?
True
Does 52 divide 125689416?
False
Does 20 divide 27495099?
False
Does 7 divide 29164408?
True
Does 12 divide 725272212?
True
Is 779417112 a multiple of 446?
True
Does 4675 divide 2069977800?
True
Is 954596193 a multiple of 41?
False
Is 349 a factor of 67172919?
False
Is 927 a factor of 393336038?
False
Does 45 divide 75700575?
True
Does 86 divide 418584704?
True
Is 80250040 a multiple of 1720?
True
Is 629 a factor of 2734892?
True
Is 77957260 a multiple of 357?
False
Is 118 a factor of 28415036?
False
Does 4175 divide 2764242450?
True
Is 90 a factor of 43476249?
False
Does 3947 divide 3465463835?
False
Is 2265 a factor of 154040385?
True
Is 359228088 a multiple of 18?
True
Is 757 a factor of 372533930?
False
Is 75 a factor of 2956888500?
True
Is 147702532 a multiple of 211?
True
Does 899 divide 10000476?
True
Is 93 a factor of 1009141838?
False
Is 1802675800 a multiple of 1775?
True
Is 7721922 a multiple of 6?
True
Is 32352367 a multiple of 276?
False
Is 23583264 a multiple of 1247?
True
Is 678700485 a multiple of 261?
True
Is 147870545 a multiple of 20?
False
Is 16257290 a multiple of 5?
True
Does 188 divide 213969194?
False
Is 918414697 a multiple of 166?
False
Does 42 divide 6455627?
False
Does 152 divide 23717928?
True
Is 1056888230 a multiple of 2138?
True
Is 6287944 a multiple of 103?
True
Is 270338903 a multiple of 775?
False
Does 49 divide 16220292?
False
Is 42341866 a multiple of 238?
True
Is 1551 a factor of 533970525?
True
Is 796630470 a multiple of 645?
True
Is 681131 a multiple of 127?
False
Does 584 divide 78723992?
False
Is 2442069 a multiple of 63?
True
Is 25623763 a multiple of 11?
True
Does 201 divide 5130399090?
False
Does 21 divide 851284848?
False
Is 1116660121 a multiple of 338?
False
Does 67 divide 31108234?
True
Is 1616442 a multiple of 134?
True
Is 43 a factor of 2783601044?
True
Is 128 a factor of 2175705088?
True
Is 21 a factor of 41936813?
False
Is 25 a factor of 301232500?
True
Does 7 divide 850925?
False
Is 2374 a factor of 45214790?
False
Is 418 a factor of 43822885?
False
Is 31934880 a multiple of 7?
False
Is 364670400 a multiple of 51?
True
Is 692250336 a multiple of 9?
True
Does 74 divide 20616733?
False
Is 4475 a factor of 133773249?
False
Does 416 divide 22803456?
True
Does 54 divide 8916588?
True
Is 269368790 a multiple of 1613?
False
Is 96626848 a multiple of 178?
False
Is 767009145 a multiple of 119?
True
Is 3446170956 a multiple of 45?
False
Does 12 divide 1416442743?
False
Is 8 a factor of 1982142290?
False
Is 2990256 a multiple of 8?
True
Is 32 a factor of 44025888?
True
Is 13049694 a multiple of 322?
True
Is 62 a factor of 341603694?
True
Is 47387598 a multiple of 6?
True
Does 19 divide 77761832?
True
Is 466788096 a multiple of 108?
True
Is 120050959 a multiple of 1232?
False
Does 86 divide 3045824136?
False
Is 7 a factor of 54455639?
True
Does 12 divide 266434068?
True
Is 9 a factor of 6640641?
True
Is 59860659 a multiple of 361?
True
Does 133 divide 205522505?
False
Is 513 a factor of 182797537?
False
Is 386566609 a multiple of 2717?
True
Is 131983786 a multiple of 73?
False
Is 281 a factor of 16890629?
True
Is 3625825 a multiple of 35?
True
Is 5484765939 a multiple of 32?
False
Does 18 divide 38283775?
False
Is 5836489469 a multiple of 2209?
True
Does 165 divide 559508235?
True
Does 194 divide 113595924?
True
Is 41 a factor of 475066355?
False
Is 5392604 a multiple of 14?
True
Does 24 divide 200207761?
False
Is 550 a factor of 153292193?
False
Does 272 divide 82901520?
True
Is 2029947910 a multiple of 267?
False
Is 21 a factor of 1682888532?
False
Is 1275608 a multiple of 1268?
True
Does 75 divide 24879000?
True
Is 3 a factor of 39134516?
False
Does 93 divide 63084597?
True
Is 1431 a factor of 723520315?
False
Is 149865249 a multiple of 16?
False
Is 152 a factor of 22837544?
True
Is 10 a factor of 281699508?
False
Is 123 a factor of 1010728269?
True
Does 12 divide 46035597?
False
Is 49 a factor of 32984015?
False
Is 297040340 a multiple of 409?
True
Is 362 a factor of 101701467?
False
Does 69 divide 275560?
False
Does 8 divide 18264804?
False
Does 283 divide 50918971?
False
Is 2684 a factor of 745279700?
True
Does 11 divide 78321331?
True
Is 340 a factor of 101712060?
False
Is 224 a factor of 4667751?
False
Is 21 a factor of 71371839?
True
Is 32057172 a multiple of 1071?
True
Is 761 a factor of 1467482721?
True
Does 983 divide 873264761?
True
Is 10777620 a multiple of 766?
True
Is 50210095 a multiple of 65?
True
Does 150 divide 1164962550?
True
Is 289 a factor of 15083690?
False
Is 30 a factor of 7136672?
False
Is 39117855 a multiple of 7?
True
Is 7692352 a multiple of 16?
True
Does 30 divide 413161767